{"id":64,"date":"2019-03-08T13:35:12","date_gmt":"2019-03-08T13:35:12","guid":{"rendered":"http:\/\/pmopropiedades.cl\/_2017\/?page_id=64"},"modified":"2019-03-08T13:35:21","modified_gmt":"2019-03-08T13:35:21","slug":"servicios","status":"publish","type":"page","link":"https:\/\/pmopropiedades.cl\/Web\/servicios\/","title":{"rendered":"SERVICIOS"},"content":{"rendered":"\n<h1 class=\"wp-block-heading\">Nuestros Servicios<\/h1>\n\n\n\n<p>Nuestra Objetivo es proponer un concepto innovador en Gesti\u00f3n Inmobiliaria, ofreciendo una atenci\u00f3n personalizada e integral en compra, venta, arriendo, tasaci\u00f3n y administraci\u00f3n de Propiedades.<br><br>Ponemos toda nuestra capacidad profesional al servicio de nuestros clientes con el objetivo de superar sus expectativas, instaurando una relaci\u00f3n sobre la base de la confianza.<\/p>\n\n\n\n<h2 class=\"wp-block-heading\">COMPRA Y VENTA<\/h2>\n\n\n\n<p>Este servicio consiste en gestionar la Compra y Venta de su propiedad de manera exclusiva y personalizada. Entreg\u00e1ndole las mejores alternativas de inversi\u00f3n, precio, calidad y plusval\u00eda.<br><br><strong>COMPRA:<\/strong>&nbsp;Buscamos especialmente para usted la propiedad de sus sue\u00f1os. Sus objetivos y necesidades los hacemos nuestros.<br><br><strong>VENTA:<\/strong>&nbsp;Lo asesoramos de la mejor manera en la venta de su propiedad, tasaci\u00f3n y publicaci\u00f3n de la propiedad en diferentes medios.<br><br>Esta gesti\u00f3n incluye adem\u00e1s los siguientes servicios:<\/p>\n\n\n\n<ul class=\"wp-block-list\"><li>Coordinaci\u00f3n de visitas a la propiedad con los potenciales compradores.<\/li><li>Gestionar diligencias jur\u00eddicas y administrativas para compra o venta su propiedad.<\/li><\/ul>\n\n\n\n<h2 class=\"wp-block-heading\">ARRIENDOS&nbsp;<\/h2>\n\n\n\n<p>Este servicio consiste en gestionar el arriendo de su propiedad de manera segura y confiable, debido a un minucioso proceso de selecci\u00f3n de los arrendatarios. Los postulantes que pretendan arrendar su propiedad son entrevistados, adem\u00e1s, de efectuar un estudio de su comportamiento financiero, comercial y legal.<\/p>\n\n\n\n<ul class=\"wp-block-list\"><li>Coordinaci\u00f3n de visitas a la propiedad con los potenciales arrendatarios.<\/li><\/ul>\n\n\n\n<ul class=\"wp-block-list\"><li>Ejecuci\u00f3n contrato de arrendamiento.<\/li><\/ul>\n\n\n\n<h2 class=\"wp-block-heading\">ADMINISTRACION<\/h2>\n\n\n\n<p>El servicio de administraci\u00f3n de propiedades, est\u00e1 pensado para todas aquellas personas que tienen una propiedad y desean arrendarla. El sistema de administraciones que ofrecemos de alto rendimiento, velando por el bienestar de su inmueble.<\/p>\n\n\n\n<p>Nuestro objetivo es que el contratante de este servicio se despreocupe absolutamente de la propiedad. Nos encargamos de la cobranza de arriendo, dep\u00f3sito en la cuenta corriente del propietario, env\u00edo de liquidaciones de arriendo, pago de contribuciones, aseo y muchos otros servicios.<\/p>\n\n\n\n<h2 class=\"wp-block-heading\">TASACIONES<\/h2>\n\n\n\n<p>Nos encargaremos de orientarlo respecto del valor comercial, a trav\u00e9s de la tasaci\u00f3n de su propiedad. Para llegar al precio justo y acorde a las caracter\u00edsticas del inmueble y del mercado.<\/p>\n\n\n\n<h2 class=\"wp-block-heading\">ASESORIA LEGAL<\/h2>\n\n\n\n<p>Lo orientaremos en materias legales y tramitaciones para la compra y venta de su propiedad, como tambi\u00e9n lo contactaremos con los mejores profesionales de la zona.<\/p>\n\n\n\n<ul class=\"wp-block-list\"><li>Para Estudio de t\u00edtulos&nbsp;<\/li><\/ul>\n\n\n\n<ul class=\"wp-block-list\"><li>Procesos Notariales&nbsp;<\/li><\/ul>\n\n\n\n<ul class=\"wp-block-list\"><li>Inscripciones en Conservador de Bienes Ra\u00edces<\/li><\/ul>\n\n\n\n<p><br>Entre otros servicios.<\/p>\n\n\n\n<h2 class=\"wp-block-heading\">ASESORIA FINANCIERA&nbsp; &nbsp;&nbsp;&nbsp; &nbsp;<\/h2>\n\n\n\n<p><strong><br>Asesor\u00edas en Instituciones Crediticias:<\/strong>&nbsp;Si usted esta interesado en nuestras Casas, Departamentos, Terrenos y necesita financiamiento para compra o arriendo. Ponemos a su disposici\u00f3n nuestros conocimientos para orientarlo en la tramitaci\u00f3n y\/o darle a conocer las mejores alternativas de financiamiento del momento.<\/p>\n","protected":false},"excerpt":{"rendered":"<p>Nuestros Servicios Nuestra Objetivo es proponer un concepto innovador en Gesti\u00f3n Inmobiliaria, ofreciendo una atenci\u00f3n personalizada e integral en compra, venta, arriendo, tasaci\u00f3n y administraci\u00f3n de Propiedades. Ponemos toda nuestra capacidad profesional al servicio de nuestros clientes con el objetivo de superar sus expectativas, instaurando una relaci\u00f3n sobre la base de la confianza. COMPRA Y&#8230;<\/p>\n","protected":false},"author":1,"featured_media":0,"parent":0,"menu_order":0,"comment_status":"closed","ping_status":"closed","template":"","meta":{"footnotes":""},"class_list":["post-64","page","type-page","status-publish","hentry"],"_links":{"self":[{"href":"https:\/\/pmopropiedades.cl\/Web\/wp-json\/wp\/v2\/pages\/64","targetHints":{"allow":["GET"]}}],"collection":[{"href":"https:\/\/pmopropiedades.cl\/Web\/wp-json\/wp\/v2\/pages"}],"about":[{"href":"https:\/\/pmopropiedades.cl\/Web\/wp-json\/wp\/v2\/types\/page"}],"author":[{"embeddable":true,"href":"https:\/\/pmopropiedades.cl\/Web\/wp-json\/wp\/v2\/users\/1"}],"replies":[{"embeddable":true,"href":"https:\/\/pmopropiedades.cl\/Web\/wp-json\/wp\/v2\/comments?post=64"}],"version-history":[{"count":1,"href":"https:\/\/pmopropiedades.cl\/Web\/wp-json\/wp\/v2\/pages\/64\/revisions"}],"predecessor-version":[{"id":65,"href":"https:\/\/pmopropiedades.cl\/Web\/wp-json\/wp\/v2\/pages\/64\/revisions\/65"}],"wp:attachment":[{"href":"https:\/\/pmopropiedades.cl\/Web\/wp-json\/wp\/v2\/media?parent=64"}],"curies":[{"name":"wp","href":"https:\/\/api.w.org\/{rel}","templated":true}]}}